 + i**4 - 5*i**3/3 + 12*i**2 + i. Let r be (-154)/(-11) + -13 - 13. What is the hundreds digit of a(r)?
1
Let f(o) = 7*o**3 - 6*o**2 + 4*o - 12. What is the tens digit of f(7)?
2
Suppose -23*h + 18*h + 41160 = 0. Suppose 0 = -6*d + h - 2706. What is the hundreds digit of d?
9
Suppose -94*y + 195*y - 86*y = 175860. What is the units digit of y?
4
Suppose r + 3*x = 6, -2*x = r - 6*x - 13. Let o(w) = -2*w + 23. Let q be o(r). Suppose -79 - 16 = -q*m. What is the tens digit of m?
1
Suppose -4*q + 12*n = 20*n - 109468, 5*n = -10. What is the ten thousands digit of q?
2
Let c = -111 - -111. Suppose c = -v + 4*v + 5*t - 853, -5*t = -3*v + 803. What is the units digit of v?
6
What is the tens digit of -42 + 40 + -2 + 17580?
7
Suppose -3*a + 86*u - 81*u + 63089 = 0, -4*u = -6*a + 126154. What is the units digit of a?
3
Suppose 0 = -t + 4*w - 3*w + 1, 3*w = -4*t + 39. Suppose -4*k = 6*k + t*k. Suppose 12*c - 2244 = -k*c. What is the hundreds digit of c?
1
Let n(y) = -5*y + 2. Let l be n(-6). Suppose -l*t + 4*t = -7616. What is the units digit of t?
2
Let y(h) = h**3 - 11*h**2 + 12*h - 4. Let p be y(10). Suppose 0*v - 24 = -4*v - 4*f, 4*f - p = -3*v. What is the units digit of (9/(-6) + 2)/(4/v)?
1
Let h(t) = -t**3 - 11*t**2 + 26*t. Let o be h(-13). Let d(i) = 2*i**2 + 3*i + 143. What is the tens digit of d(o)?
4
Let v(c) = -c + 3 - 5 - 3*c + 2*c. Let z be v(14). What is the tens digit of 160/z*54/(-4)?
7
Let b = 7667 - 2708. Suppose -12*r - b = -3*r. Let w = -312 - r. What is the units digit of w?
9
Suppose 0 = 28*s - 24*s. Let x(f) = 122 - f + 2*f**2 + 0*f - f**2. What is the tens digit of x(s)?
2
Let g = 7 + -12. Let x be 30/(-4)*g*8/2. Let m = 217 - x. What is the units digit of m?
7
Let b = -4134 - -4884. What is the hundreds digit of b?
7
Suppose -4*z + 900 = 3*q, 0 = 3*z + 16*q - 12*q - 668. Suppose -y + z = -3*k, 0 = -3*y + 2*k - k + 676. What is the hundreds digit of y?
2
Suppose 2*l = -4*b - l + 1256, -2*b + 5*l + 628 = 0. Suppose -327*q = -b*q - 11362. What is the hundreds digit of q?
8
Suppose -3*x = -4*f - f - 188521, 0 = -2*x + 5*f + 125674. What is the thousands digit of x?
2
Let d = -305 + 310. Suppose k - 2 = 0, 1203 = d*x - 4*k - 49. What is the tens digit of x?
5
Let t be ((-28)/21)/(-2)*-3. What is the units digit of t*213/12*(-90)/3?
5
Let z = -20 + 32. Suppose -z*m + 20 = -8*m. Let f = m - -99. What is the tens digit of f?
0
Let d = -582 - -584. What is the hundreds digit of d/26 - 74560/(-104)?
7
Suppose z + 27*m - 16857 = 25*m, -7 = m. What is the thousands digit of z?
6
What is the thousands digit of (-6)/(2 - 0) - (-1 - (-8 - -4906))?
4
What is the hundreds digit of ((184/(-64))/((-2)/(-4)))/((-12)/14304)?
8
Let t(a) = 2*a**3 + a**2 - 19*a - 119. Let n(p) = -2*p**3 - 2*p**2 + 17*p + 118. Let b(g) = 3*n(g) + 2*t(g). What is the units digit of b(-6)?
6
Suppose 3*l = w + 179, -5*l + 154 + 171 = 5*w. Let v = 613 - 598. Suppose c + 3*b - l = 0, v = 4*b - 9*b. What is the units digit of c?
0
Suppose 79 + 19 = 2*d. Suppose 5*s + a - 64 = 0, 5*s - d = -5*a + 31. Suppose -310 = -s*c + 7*c. What is the tens digit of c?
6
Suppose -4*o = -2*u - 150, -10 = o - 3*o. What is the units digit of u/(-25) + (-6)/10?
2
Let r = -1797 - -7318. What is the units digit of r?
1
Let c(g) = -2 + 33*g**2 - 92*g + 72*g + 35. What is the tens digit of c(6)?
0
Suppose 1340 = -4*p - v + 18444, p + 3*v = 4276. What is the units digit of p?
6
Let n be ((-3)/((-18)/(-14)))/(1/429). Let r = n + 3467. What is the tens digit of r/21 - (-16)/28?
1
Let o be (2 + (-16)/5)/((-20)/50). Suppose o*c + 909 = 4*h, -7*c + 2*c + 885 = 4*h. What is the tens digit of h?
2
Let x = 3882 - 2660. Suppose x = 3*w + 4*r + r, -1216 = -3*w - 2*r. What is the hundreds digit of w?
4
Let c be (390 - -1)/(-5*5/(-25)). Let x = -320 + c. What is the tens digit of x?
7
Let h be -5 - -1 - ((4 - -534) + -3). Let b = h + 1199. What is the units digit of b?
0
Let k = -16 - -19. Suppose -5*g = 20, -13 + 6 = b + k*g. Suppose -2*f - b*v + 37 = 0, 2*v = 4*f - 2*v - 116. What is the tens digit of f?
2
What is the units digit of ((-19935)/(-12))/(2/64) + 14/(-2)?
3
Suppose -463*z = -449*z + 7238 - 192822. What is the tens digit of z?
5
Let x be 247/(-7) + (-34)/(-119). Let k be ((-84)/10)/(2/x). Let c = k - 15. What is the units digit of c?
2
Let c = -463 - -34. Let z = 720 + c. What is the tens digit of z?
9
Let d(y) = -20*y**3 + 32*y**2 + 869*y + 7. What is the units digit of d(-16)?
5
Suppose 21*q + 520 = 31*q. Suppose q*z - 47*z - 2420 = 0. What is the hundreds digit of z?
4
What is the thousands digit of 9031 - 14/28*-18?
9
Suppose 2*g = 5*r - 2*r + 957, 0 = 5*g + 5*r - 2380. Suppose 4*l - 2*y - 1970 = 0, -l - 5*y + 43 = -g. What is the tens digit of l?
9
Let b = 15 - 10. Suppose -4*j - 2*u = 40, -b - 5 = j - 5*u. What is the hundreds digit of 962/8 + j/40?
1
Let f = -21132 - -37224. What is the ten thousands digit of f?
1
What is the hundreds digit of (2532/(-60) + 14)/(4/(-600))?
2
Let g(o) = -o**2 + 14*o - 23. Let a be g(12). Let n be 788/10 - a/(-5). Let w = 209 - n. What is the hundreds digit of w?
1
Suppose 9*g - 43 = 47. Suppose 7*z = 2*z + g. Suppose -2*s + 51 = x, -x + 4*x + z*s - 161 = 0. What is the tens digit of x?
5
Suppose 4*c = -5*r + 718, -3*c - 739 = -r - 4*r. Let o be r - (-7 - (-1 + -2)). What is the tens digit of (2 - o)/(-4 - -2)?
7
Suppose 11*q + 60 = -q. What is the hundreds digit of 1 + (1455/(-1))/q?
2
Suppose -3*f - 9048 = -9195. Let m(q) = 134*q**3 - q. Let n be m(1). Suppose 0 = 2*d + x - n, 4*d - 3*x = 3*d + f. What is the units digit of d?
4
Let n be 513/12*(6 - 10). Let j be ((-38)/n)/(1/9). Suppose p - j*p = -89. What is the tens digit of p?
8
Suppose 0 = 2*r + 2*f - 142836, 0 = -3*r + 39*f - 44*f + 214252. What is the hundreds digit of r?
4
Let n be (0/2 - 1) + (59 - 54). Let b(d) = -d**2 + 5*d. Let t be b(4). Suppose 5*c = -n*s + 50, t*s - 2*c - 7 = 29. What is the tens digit of s?
1
Suppose -16*w - 315 = -9*w. Let k be (-396)/w - 8/10. Suppose 12*c - 288 = k*c. What is the units digit of c?
2
Let f(x) = -3*x**3 - 299*x**2 + 81*x - 482. What is the hundreds digit of f(-100)?
4
Suppose 16*r - 35*r + 95 = 0. Suppose 0*t = 2*t - 8. Suppose u + 155 = r*u - f, 0 = u - t*f - 35. What is the tens digit of u?
3
Suppose 0 = -2*b - 3*v + 18, 0 = 2*b + v - 18. Suppose -b*p - 296 = -11*p. Suppose 0 = g - 1, -m + 4*g + p = -0*m. What is the hundreds digit of m?
1
Suppose -5*l = -0*l - 65. Suppose -l*n + 630 = 45. Suppose -340 = -5*s - 4*w, n = -4*s + 5*w + 317. What is the units digit of s?
8
Suppose -4*a - 4*y = -247460, 680551 = -67*a + 78*a + 2*y. What is the units digit of a?
9
Suppose 4*x + 9*n - 157200 = 13*n, 2*x = -2*n + 78580. What is the tens digit of x?
9
Let h = -191 + 1161. What is the tens digit of h?
7
What is the ten thousands digit of 14 - -4*(-79522)/(-8)?
3
Suppose 5*h = -2*u + 3866, -7121 + 1373 = -3*u + h. What is the units digit of u?
8
Suppose -125 = -5*r + 85. Let g = r + -38. Suppose v - 39 = 4*c - 9*c, -g*c = v - 44. What is the units digit of v?
4
Let o(x) = -351*x**3 - 9 + 12*x + 349*x**3 + 18*x**2 - 2. What is the units digit of o(7)?
9
Suppose 4*y = 10*h - 12*h + 8, 5*y + 4*h - 7 = 0. Suppose 12 = -4*d, 2*k + y*d + 1515 = 3880. What is the hundreds digit of k?
1
Let k(s) be the first derivative of -21*s + 11 + 5/2*s**2. What is the tens digit of k(11)?
3
Suppose -9*l = -564 + 654. Let b = -20 + 10. What is the tens digit of b/(l/(-375)*-3)?
2
Let s = 184 + -184. Suppose 2*m - 118 - 104 = s. What is the hundreds digit of m?
1
Let z(w) = w**3 + 9*w**2 + 14*w + 9. Let k be z(-6). What is the hundreds digit of (-128)/(-1) + k/(-33)?
1
Let u = -2261 - -9962. What is the thousands digit of u?
7
Suppose 27 + 2 = f + 4*m, 0 = -5*f - 2*m + 55. Let j = f - -182. What is the units digit of j?
1
Let g = 73 - 67. Suppose 4*u + 2286 = g*u. What is the thousands digit of u?
1
Let t(w) = 14*w - 38*w - 11 + 38 + 3. Let a be t(-18). Suppose a - 70 = 4*r + 4*d, -2*d - 362 = -4*r. What is the units digit of r?
3
Suppose -3*m - 18 = 0, -41*u + 2084 = -39*u + 3*m. What is the hundreds digit of u?
0
Let c be 1*-3 + 2 + (-42)/(-42). Suppose -4*v + 1392 = -c*v. What is the hundreds digit of v?
3
Suppose 6 = 11*b - 60. What is the hundreds digit of (-12)/36 - (-3104)/b